{"id":67,"date":"2019-01-23T12:04:17","date_gmt":"2019-01-23T11:04:17","guid":{"rendered":"http:\/\/ateliercuisines.fr\/?page_id=67"},"modified":"2023-11-17T20:20:26","modified_gmt":"2023-11-17T19:20:26","slug":"cuisines","status":"publish","type":"page","link":"https:\/\/ateliercuisines.fr\/index.php\/cuisines\/","title":{"rendered":"NOS CUISINES"},"content":{"rendered":"<p>[et_pb_section fb_built=\u00a0\u00bb1&Prime; _builder_version=\u00a0\u00bb3.19.8&Prime;][et_pb_row custom_padding=\u00a0\u00bb54px|0px|54px|0px|false|false\u00a0\u00bb _builder_version=\u00a0\u00bb3.19.8&Prime; background_size=\u00a0\u00bbinitial\u00a0\u00bb background_position=\u00a0\u00bbtop_left\u00a0\u00bb background_repeat=\u00a0\u00bbrepeat\u00a0\u00bb][et_pb_column type=\u00a0\u00bb1_2&Prime; _builder_version=\u00a0\u00bb3.0.47&Prime; parallax=\u00a0\u00bboff\u00a0\u00bb parallax_method=\u00a0\u00bbon\u00a0\u00bb][et_pb_text _builder_version=\u00a0\u00bb3.19.8&Prime;]<\/p>\n<h3><span style=\"color: #f7be44;\">NOS CUISINES<\/span><\/h3>\n<p>[\/et_pb_text][et_pb_text _builder_version=\u00a0\u00bb3.19.8&Prime;]<\/p>\n<p><span style=\"font-size: large;\"><strong>Atelier cuisines<\/strong> travaille avec des fabricants reconnus pour leur savoir-faire, leur exp\u00e9rience, leurs innovations&#8230;<\/span><\/p>\n<p><span style=\"font-size: large;\">Nous<strong>\u00a0<\/strong>vous proposons un<strong>\u00a0<\/strong>large choix de mati\u00e8res, de couleurs de styles (moderne, contemporain, authentique, campagne chic, &#8230;) afin de r\u00e9pondre \u00e0 vos envies, vos besoins, vos budgets.<\/span><\/p>\n<p>[\/et_pb_text][\/et_pb_column][et_pb_column type=\u00a0\u00bb1_2&Prime; _builder_version=\u00a0\u00bb3.0.47&Prime; parallax=\u00a0\u00bboff\u00a0\u00bb parallax_method=\u00a0\u00bbon\u00a0\u00bb][et_pb_code _builder_version=\u00a0\u00bb3.19.8&Prime;]\t\t<link href=\"https:\/\/ateliercuisines.fr\/wp-content\/plugins\/slideshow-ck\/themes\/default\/css\/camera.css\" rel=\"stylesheet\" type=\"text\/css\" \/>\n\t\t<style type=\"text\/css\">\n\t\t\t#camera_wrap_661 .camera_pag_ul li img, #camera_wrap_661 .camera_thumbs_cont ul li img {\n\t\t\t\theight:100px;\n\t\t\t\twidth: auto;\n\t\t\t}\n\t\t\t#camera_wrap_661 .camera_caption {\n\t\t\t\tdisplay: block;\n\t\t\t\tposition: absolute;\n\t\t\t}\n\t\t\t#camera_wrap_661 .camera_caption a.camera_caption_link {\n\t\t\t\tdisplay: block;\n\t\t\t\tposition: absolute;\n\t\t\t\tleft: 0;\n\t\t\t\tright: 0;\n\t\t\t\ttop: 0;\n\t\t\t\tbottom: 0;\n\t\t\t}\n\t\t\t#camera_wrap_661 .camera_caption > div {\n\t\t\t\tbackground: #F7BE44;\t\t\t}\n\t\t\t#camera_wrap_661 .camera_caption div.camera_caption_title {\n\t\t\t\tfont-size: 18px;line-height: 18px;font-weight: normal;\t\t\t}\n\t\t\t#camera_wrap_661 .camera_caption div.camera_caption_desc {\n\t\t\t\tfont-size: 12px;line-height: 12px;font-weight: normal;\t\t\t}\n\t\t<\/style>\n\t\t\t\t<div class=\"slideshowck camera_wrap camera_amber_skin\" id=\"camera_wrap_661\">\n\t\t\t\t\t\t\t<div  data-thumb=\"https:\/\/ateliercuisines.fr\/wp-content\/uploads\/2019\/09\/cuisine-et-verri\u00e8re.jpg\" data-src=\"https:\/\/ateliercuisines.fr\/wp-content\/uploads\/2019\/09\/cuisine-et-verri\u00e8re.jpg\" data-link=\"https:\/\/ateliercuisines.fr\/wp-content\/uploads\/2019\/09\/cuisine-et-verri\u00e8re.jpg\" data-target=\"_parent\">\n\t\t\t\t\t\t\t\t\t\t\t\t<div class=\"camera_caption moveFromLeft\">\n\t\t\t\t\t\t\t\t\t\t\t\t\t\t<div class=\"camera_caption_title\">\n\t\t\t\t\t\t\t\tProjet verri\u00e8re et cuisine\t\t\t\t\t\t\t<\/div>\n\t\t\t\t\t\t\t\t\t\t\t\t\t\t\t\t\t\t\t\t\t<div class=\"camera_caption_desc\">\n\t\t\t\t\t\t\t\tAtelier cuisines\t\t\t\t\t\t\t<\/div>\n\t\t\t\t\t\t\t\t\t\t\t\t\t\t\t\t\t\t\t\t\t\t\t\t\t\t\t<\/div>\n\t\t\t\t\t\t\t\t\t\t<\/div>\n\t\t\t\t\t\t\t<div  data-thumb=\"https:\/\/ateliercuisines.fr\/wp-content\/uploads\/2019\/09\/STRUCTURA_BLANC_RAINURE-Ambiance.jpg\" data-src=\"https:\/\/ateliercuisines.fr\/wp-content\/uploads\/2019\/09\/STRUCTURA_BLANC_RAINURE-Ambiance.jpg\" data-link=\"https:\/\/ateliercuisines.fr\/wp-content\/uploads\/2019\/09\/STRUCTURA_BLANC_RAINURE-Ambiance.jpg\" data-target=\"_parent\">\n\t\t\t\t\t\t\t\t\t\t\t\t<div class=\"camera_caption moveFromLeft\">\n\t\t\t\t\t\t\t\t\t\t\t\t\t\t<div class=\"camera_caption_title\">\n\t\t\t\t\t\t\t\tCuisine moderne \t\t\t\t\t\t\t<\/div>\n\t\t\t\t\t\t\t\t\t\t\t\t\t\t\t\t\t\t\t\t\t<div class=\"camera_caption_desc\">\n\t\t\t\t\t\t\t\tAtelier cuisines - Pyram\t\t\t\t\t\t\t<\/div>\n\t\t\t\t\t\t\t\t\t\t\t\t\t\t\t\t\t\t\t\t\t\t\t\t\t\t\t<\/div>\n\t\t\t\t\t\t\t\t\t\t<\/div>\n\t\t\t\t\t\t\t<div  data-thumb=\"https:\/\/ateliercuisines.fr\/wp-content\/uploads\/2019\/09\/P70-71_BOREALE_CHENE_A_NOEUD__CIRRUS_LAQUE_BLANC_BRILLANT-Ambiance.jpg\" data-src=\"https:\/\/ateliercuisines.fr\/wp-content\/uploads\/2019\/09\/P70-71_BOREALE_CHENE_A_NOEUD__CIRRUS_LAQUE_BLANC_BRILLANT-Ambiance.jpg\" data-link=\"https:\/\/ateliercuisines.fr\/wp-content\/uploads\/2019\/09\/P70-71_BOREALE_CHENE_A_NOEUD__CIRRUS_LAQUE_BLANC_BRILLANT-Ambiance.jpg\" data-target=\"_parent\">\n\t\t\t\t\t\t\t\t\t\t\t\t<div class=\"camera_caption moveFromLeft\">\n\t\t\t\t\t\t\t\t\t\t\t\t\t\t<div class=\"camera_caption_title\">\n\t\t\t\t\t\t\t\tCuisine moderne bois et laqu\u00e9\t\t\t\t\t\t\t<\/div>\n\t\t\t\t\t\t\t\t\t\t\t\t\t\t\t\t\t\t\t\t\t<div class=\"camera_caption_desc\">\n\t\t\t\t\t\t\t\tAtelier cuisines - Pyram\t\t\t\t\t\t\t<\/div>\n\t\t\t\t\t\t\t\t\t\t\t\t\t\t\t\t\t\t\t\t\t\t\t\t\t\t\t<\/div>\n\t\t\t\t\t\t\t\t\t\t<\/div>\n\t\t\t\t\t\t\t<div  data-thumb=\"https:\/\/ateliercuisines.fr\/wp-content\/uploads\/2019\/09\/P80-81_NAJAC_BOIS_FLOTTE-Ambiance.jpg\" data-src=\"https:\/\/ateliercuisines.fr\/wp-content\/uploads\/2019\/09\/P80-81_NAJAC_BOIS_FLOTTE-Ambiance.jpg\" data-link=\"https:\/\/ateliercuisines.fr\/wp-content\/uploads\/2019\/09\/P80-81_NAJAC_BOIS_FLOTTE-Ambiance.jpg\" data-target=\"_parent\">\n\t\t\t\t\t\t\t\t\t\t\t\t<div class=\"camera_caption moveFromLeft\">\n\t\t\t\t\t\t\t\t\t\t\t\t\t\t<div class=\"camera_caption_title\">\n\t\t\t\t\t\t\t\tCuisine style Campagne Chic\t\t\t\t\t\t\t<\/div>\n\t\t\t\t\t\t\t\t\t\t\t\t\t\t\t\t\t\t\t\t\t<div class=\"camera_caption_desc\">\n\t\t\t\t\t\t\t\tAtelier cuisines - Pyram\t\t\t\t\t\t\t<\/div>\n\t\t\t\t\t\t\t\t\t\t\t\t\t\t\t\t\t\t\t\t\t\t\t\t\t\t\t<\/div>\n\t\t\t\t\t\t\t\t\t\t<\/div>\n\t\t\t\t\t\t\t<div  data-thumb=\"https:\/\/ateliercuisines.fr\/wp-content\/uploads\/2019\/09\/P80-81_NAJAC_BOIS_FLOTTE-Detail01.jpg\" data-src=\"https:\/\/ateliercuisines.fr\/wp-content\/uploads\/2019\/09\/P80-81_NAJAC_BOIS_FLOTTE-Detail01.jpg\" data-link=\"https:\/\/ateliercuisines.fr\/wp-content\/uploads\/2019\/09\/P80-81_NAJAC_BOIS_FLOTTE-Detail01.jpg\" data-target=\"_parent\">\n\t\t\t\t\t\t\t\t\t\t\t\t<div class=\"camera_caption moveFromLeft\">\n\t\t\t\t\t\t\t\t\t\t\t\t\t\t<div class=\"camera_caption_title\">\n\t\t\t\t\t\t\t\tCuisine style Campagne Chic\t\t\t\t\t\t\t<\/div>\n\t\t\t\t\t\t\t\t\t\t\t\t\t\t\t\t\t\t\t\t\t<div class=\"camera_caption_desc\">\n\t\t\t\t\t\t\t\tAtelier cuisines - Pyram\t\t\t\t\t\t\t<\/div>\n\t\t\t\t\t\t\t\t\t\t\t\t\t\t\t\t\t\t\t\t\t\t\t\t\t\t\t<\/div>\n\t\t\t\t\t\t\t\t\t\t<\/div>\n\t\t\t\t\t<\/div>\n\t\t<div style=\"clear:both;\"><\/div>\n\t\t[\/et_pb_code][et_pb_code _builder_version=\u00a0\u00bb3.19.8&Prime;][\/et_pb_code][\/et_pb_column][\/et_pb_row][et_pb_row custom_padding=\u00a0\u00bb54px|0px|0|0px|false|false\u00a0\u00bb _builder_version=\u00a0\u00bb3.19.8&Prime; background_size=\u00a0\u00bbinitial\u00a0\u00bb background_position=\u00a0\u00bbtop_left\u00a0\u00bb background_repeat=\u00a0\u00bbrepeat\u00a0\u00bb][et_pb_column type=\u00a0\u00bb1_2&Prime; _builder_version=\u00a0\u00bb3.0.47&Prime; parallax=\u00a0\u00bboff\u00a0\u00bb parallax_method=\u00a0\u00bbon\u00a0\u00bb][et_pb_text admin_label=\u00a0\u00bbTexte\u00a0\u00bb _builder_version=\u00a0\u00bb3.19.8&Prime; text_font=\u00a0\u00bbCambay||||||||\u00a0\u00bb text_text_color=\u00a0\u00bb#edf000&Prime; header_font=\u00a0\u00bbCambay||||||||\u00a0\u00bb]<\/p>\n<h3><span style=\"font-size: large;\"><strong><span style=\"font-family: Cambay; color: #ea9800;\">Nos r\u00e9alisations \u00ab\u00a0Campagne chic\u00a0\u00bb<\/span><\/strong><\/span><\/h3>\n<p>[\/et_pb_text][et_pb_image src=\u00a0\u00bbhttp:\/\/ateliercuisines.fr\/wp-content\/uploads\/2019\/09\/P80-81_NAJAC_BOIS_FLOTTE-Ambiance.jpg\u00a0\u00bb _builder_version=\u00a0\u00bb3.19.8&Prime;][\/et_pb_image][\/et_pb_column][et_pb_column type=\u00a0\u00bb1_2&Prime; _builder_version=\u00a0\u00bb3.0.47&Prime; parallax=\u00a0\u00bboff\u00a0\u00bb parallax_method=\u00a0\u00bbon\u00a0\u00bb][et_pb_text admin_label=\u00a0\u00bbTexte\u00a0\u00bb _builder_version=\u00a0\u00bb3.19.8&Prime;]<\/p>\n<p>&nbsp;<\/p>\n<p>&nbsp;<\/p>\n<p>[\/et_pb_text][et_pb_image src=\u00a0\u00bbhttp:\/\/ateliercuisines.fr\/wp-content\/uploads\/2019\/09\/P76-77_MESSILHAC-Ambiance.jpg\u00a0\u00bb _builder_version=\u00a0\u00bb3.19.8&Prime;]<\/p>\n<p>Cuisine <\/p>\n<p>[\/et_pb_image][\/et_pb_column][\/et_pb_row][et_pb_row _builder_version=\u00a0\u00bb3.0.48&Prime; background_size=\u00a0\u00bbinitial\u00a0\u00bb background_position=\u00a0\u00bbtop_left\u00a0\u00bb background_repeat=\u00a0\u00bbrepeat\u00a0\u00bb][et_pb_column type=\u00a0\u00bb1_2&Prime; _builder_version=\u00a0\u00bb3.0.47&Prime; parallax=\u00a0\u00bboff\u00a0\u00bb parallax_method=\u00a0\u00bbon\u00a0\u00bb][et_pb_text admin_label=\u00a0\u00bbTexte\u00a0\u00bb _builder_version=\u00a0\u00bb3.19.8&Prime; text_font=\u00a0\u00bbCambay||||||||\u00a0\u00bb]<\/p>\n<h3><span style=\"font-size: large;\"><strong><span style=\"font-family: Cambay; color: #ea9800;\">Nos r\u00e9alisations \u00ab\u00a0Moderne\u00a0\u00bb<\/span><\/strong><\/span><\/h3>\n<p>[\/et_pb_text][et_pb_image src=\u00a0\u00bbhttp:\/\/ateliercuisines.fr\/wp-content\/uploads\/2019\/09\/P24-25_DJIN_MELAMINE_VERNIS_BLANC_BRILLANT_ET_ALU_BROSSE-Ambiance.jpg\u00a0\u00bb _builder_version=\u00a0\u00bb3.19.8&Prime;][\/et_pb_image][\/et_pb_column][et_pb_column type=\u00a0\u00bb1_2&Prime; _builder_version=\u00a0\u00bb3.0.47&Prime; parallax=\u00a0\u00bboff\u00a0\u00bb parallax_method=\u00a0\u00bbon\u00a0\u00bb][et_pb_text admin_label=\u00a0\u00bbTexte\u00a0\u00bb _builder_version=\u00a0\u00bb3.19.8&Prime;]<\/p>\n<p>&nbsp;<\/p>\n<p>&nbsp;<\/p>\n<p>[\/et_pb_text][et_pb_image src=\u00a0\u00bbhttp:\/\/ateliercuisines.fr\/wp-content\/uploads\/2019\/09\/P52-53_FUTURA_MELAMINE_BLANC_BRILLANT_ET_CHENE_SCIE-Ambiance.jpg\u00a0\u00bb _builder_version=\u00a0\u00bb3.19.8&Prime;][\/et_pb_image][\/et_pb_column][\/et_pb_row][\/et_pb_section]<\/p>\n","protected":false},"excerpt":{"rendered":"<p>[et_pb_section fb_built=\u00a0\u00bb1&Prime; _builder_version=\u00a0\u00bb3.19.8&Prime;][et_pb_row custom_padding=\u00a0\u00bb54px|0px|54px|0px|false|false\u00a0\u00bb _builder_version=\u00a0\u00bb3.19.8&Prime; background_size=\u00a0\u00bbinitial\u00a0\u00bb background_position=\u00a0\u00bbtop_left\u00a0\u00bb background_repeat=\u00a0\u00bbrepeat\u00a0\u00bb][et_pb_column type=\u00a0\u00bb1_2&Prime; _builder_version=\u00a0\u00bb3.0.47&Prime; parallax=\u00a0\u00bboff\u00a0\u00bb parallax_method=\u00a0\u00bbon\u00a0\u00bb][et_pb_text _builder_version=\u00a0\u00bb3.19.8&Prime;] NOS CUISINES [\/et_pb_text][et_pb_text _builder_version=\u00a0\u00bb3.19.8&Prime;] Atelier cuisines travaille avec des fabricants reconnus pour leur savoir-faire, leur exp\u00e9rience, leurs innovations&#8230; Nous\u00a0vous proposons un\u00a0large choix de mati\u00e8res, de couleurs de styles (moderne, contemporain, authentique, campagne chic, &#8230;) afin de r\u00e9pondre \u00e0 vos envies, vos besoins, [&hellip;]<\/p>\n","protected":false},"author":1,"featured_media":0,"parent":0,"menu_order":0,"comment_status":"closed","ping_status":"closed","template":"","meta":{"_et_pb_use_builder":"on","_et_pb_old_content":""},"_links":{"self":[{"href":"https:\/\/ateliercuisines.fr\/index.php\/wp-json\/wp\/v2\/pages\/67"}],"collection":[{"href":"https:\/\/ateliercuisines.fr\/index.php\/wp-json\/wp\/v2\/pages"}],"about":[{"href":"https:\/\/ateliercuisines.fr\/index.php\/wp-json\/wp\/v2\/types\/page"}],"author":[{"embeddable":true,"href":"https:\/\/ateliercuisines.fr\/index.php\/wp-json\/wp\/v2\/users\/1"}],"replies":[{"embeddable":true,"href":"https:\/\/ateliercuisines.fr\/index.php\/wp-json\/wp\/v2\/comments?post=67"}],"version-history":[{"count":26,"href":"https:\/\/ateliercuisines.fr\/index.php\/wp-json\/wp\/v2\/pages\/67\/revisions"}],"predecessor-version":[{"id":806,"href":"https:\/\/ateliercuisines.fr\/index.php\/wp-json\/wp\/v2\/pages\/67\/revisions\/806"}],"wp:attachment":[{"href":"https:\/\/ateliercuisines.fr\/index.php\/wp-json\/wp\/v2\/media?parent=67"}],"curies":[{"name":"wp","href":"https:\/\/api.w.org\/{rel}","templated":true}]}}